{"id":801,"date":"2016-09-21T11:48:55","date_gmt":"2016-09-21T11:48:55","guid":{"rendered":"http:\/\/www.buscoarquitectos.com\/?page_id=801"},"modified":"2024-10-02T15:55:54","modified_gmt":"2024-10-02T15:55:54","slug":"ariadna-zerpa-chacon","status":"publish","type":"page","link":"https:\/\/www.faq-arquitectura.com\/index.php\/ariadna-zerpa-chacon\/","title":{"rendered":"Ariadna Zerpa Chac\u00f3n"},"content":{"rendered":"<p><img loading=\"lazy\" decoding=\"async\" class=\"aligncenter size-medium wp-image-2610\" src=\"https:\/\/www.faq-arquitectura.com\/wp-content\/uploads\/2016\/10\/8586_11-200x300.jpg\" alt=\"\" width=\"200\" height=\"300\" srcset=\"https:\/\/www.faq-arquitectura.com\/wp-content\/uploads\/2016\/10\/8586_11-200x300.jpg 200w, https:\/\/www.faq-arquitectura.com\/wp-content\/uploads\/2016\/10\/8586_11-768x1152.jpg 768w, https:\/\/www.faq-arquitectura.com\/wp-content\/uploads\/2016\/10\/8586_11-682x1024.jpg 682w, https:\/\/www.faq-arquitectura.com\/wp-content\/uploads\/2016\/10\/8586_11-780x1170.jpg 780w, https:\/\/www.faq-arquitectura.com\/wp-content\/uploads\/2016\/10\/8586_11-1200x1800.jpg 1200w, https:\/\/www.faq-arquitectura.com\/wp-content\/uploads\/2016\/10\/8586_11-400x600.jpg 400w, https:\/\/www.faq-arquitectura.com\/wp-content\/uploads\/2016\/10\/8586_11.jpg 1333w\" sizes=\"(max-width: 200px) 100vw, 200px\" \/><\/p>\n<p style=\"text-align: justify;\">Freelance de arquitectura, facility management, dise\u00f1o de interiores y dise\u00f1o gr\u00e1fico.<\/p>\n<p style=\"text-align: justify;\">Arquitecto por la Facultad de Arquitectura y Urbanismo de la Universidad Central de Venezuela (Caracas)<\/p>\n<p style=\"text-align: justify;\">Arquitecto por la Escuela T\u00e9cnica Superior de Arquitectura de la Universidad de Sevilla.<\/p>\n<p style=\"text-align: justify;\">M\u00e1ster en Gesti\u00f3n Integral del Medio Ambiente por la E.T.S.I. de la Universidad de Sevilla.<\/p>\n<p style=\"text-align: justify;\">Especialista en Seguridad y Salud en Obras Civiles por la E.T.S.I. de la Universidad de Granada.<\/p>\n<p style=\"text-align: justify;\">Facility Manager por la EADIC (Escuela T\u00e9cnica Especializada en Ingenier\u00eda, Arquitectura y Construcci\u00f3n)<\/p>\n<p style=\"text-align: justify;\">Colabor\u00f3 con el estudio de arquitectura <a href=\"http:\/\/www.carakas.com\/\" target=\"_blank\" rel=\"noopener noreferrer\">Carakas Desing Group<\/a> (Venezuela)<\/p>\n<p style=\"text-align: justify;\">Especialista en interiorismo y desarrollo de mobiliario espec\u00edfico.<\/p>\n<p style=\"text-align: justify;\">Proyecci\u00f3n, supervisi\u00f3n, control de calidad de la instalaci\u00f3n mobiliaria para cadenas de hoteles, restaurantes y retail en Europa.<\/p>\n<p style=\"text-align: justify;\">Adem\u00e1s es dise\u00f1adora de joyas.<\/p>\n","protected":false},"excerpt":{"rendered":"<p>Freelance de arquitectura, facility management, dise\u00f1o de interiores y dise\u00f1o gr\u00e1fico. Arquitecto por la Facultad de Arquitectura y Urbanismo de la Universidad Central de Venezuela (Caracas) Arquitecto por la Escuela T\u00e9cnica Superior de Arquitectura de la Universidad de Sevilla. M\u00e1ster en Gesti\u00f3n Integral del Medio Ambiente por la E.T.S.I. de la Universidad de Sevilla. Especialista [&hellip;]<\/p>\n","protected":false},"author":1,"featured_media":0,"parent":0,"menu_order":0,"comment_status":"closed","ping_status":"closed","template":"page-templates\/full-width.php","meta":{"footnotes":""},"class_list":["post-801","page","type-page","status-publish","hentry"],"yoast_head":"<!-- This site is optimized with the Yoast SEO plugin v23.5 - https:\/\/yoast.com\/wordpress\/plugins\/seo\/ -->\n<title>Ariadna Zerpa Chac\u00f3n - FAQ arquitectura<\/title>\n<meta name=\"robots\" content=\"index, follow, max-snippet:-1, max-image-preview:large, max-video-preview:-1\" \/>\n<link rel=\"canonical\" href=\"https:\/\/www.faq-arquitectura.com\/index.php\/ariadna-zerpa-chacon\/\" \/>\n<meta property=\"og:locale\" content=\"es_ES\" \/>\n<meta property=\"og:type\" content=\"article\" \/>\n<meta property=\"og:title\" content=\"Ariadna Zerpa Chac\u00f3n - FAQ arquitectura\" \/>\n<meta property=\"og:description\" content=\"Freelance de arquitectura, facility management, dise\u00f1o de interiores y dise\u00f1o gr\u00e1fico. Arquitecto por la Facultad de Arquitectura y Urbanismo de la Universidad Central de Venezuela (Caracas) Arquitecto por la Escuela T\u00e9cnica Superior de Arquitectura de la Universidad de Sevilla. M\u00e1ster en Gesti\u00f3n Integral del Medio Ambiente por la E.T.S.I. de la Universidad de Sevilla. Especialista [&hellip;]\" \/>\n<meta property=\"og:url\" content=\"https:\/\/www.faq-arquitectura.com\/index.php\/ariadna-zerpa-chacon\/\" \/>\n<meta property=\"og:site_name\" content=\"FAQ arquitectura\" \/>\n<meta property=\"article:publisher\" content=\"https:\/\/www.facebook.com\/FAQarquitectura\/\" \/>\n<meta property=\"article:modified_time\" content=\"2024-10-02T15:55:54+00:00\" \/>\n<meta property=\"og:image\" content=\"http:\/\/www.faq-arquitectura.com\/wp-content\/uploads\/2016\/10\/8586_11-200x300.jpg\" \/>\n<meta name=\"twitter:card\" content=\"summary_large_image\" \/>\n<meta name=\"twitter:site\" content=\"@FAQarquitectura\" \/>\n<script type=\"application\/ld+json\" class=\"yoast-schema-graph\">{\"@context\":\"https:\/\/schema.org\",\"@graph\":[{\"@type\":\"WebPage\",\"@id\":\"https:\/\/www.faq-arquitectura.com\/index.php\/ariadna-zerpa-chacon\/\",\"url\":\"https:\/\/www.faq-arquitectura.com\/index.php\/ariadna-zerpa-chacon\/\",\"name\":\"Ariadna Zerpa Chac\u00f3n - FAQ arquitectura\",\"isPartOf\":{\"@id\":\"https:\/\/www.faq-arquitectura.com\/#website\"},\"primaryImageOfPage\":{\"@id\":\"https:\/\/www.faq-arquitectura.com\/index.php\/ariadna-zerpa-chacon\/#primaryimage\"},\"image\":{\"@id\":\"https:\/\/www.faq-arquitectura.com\/index.php\/ariadna-zerpa-chacon\/#primaryimage\"},\"thumbnailUrl\":\"http:\/\/www.faq-arquitectura.com\/wp-content\/uploads\/2016\/10\/8586_11-200x300.jpg\",\"datePublished\":\"2016-09-21T11:48:55+00:00\",\"dateModified\":\"2024-10-02T15:55:54+00:00\",\"breadcrumb\":{\"@id\":\"https:\/\/www.faq-arquitectura.com\/index.php\/ariadna-zerpa-chacon\/#breadcrumb\"},\"inLanguage\":\"es\",\"potentialAction\":[{\"@type\":\"ReadAction\",\"target\":[\"https:\/\/www.faq-arquitectura.com\/index.php\/ariadna-zerpa-chacon\/\"]}]},{\"@type\":\"ImageObject\",\"inLanguage\":\"es\",\"@id\":\"https:\/\/www.faq-arquitectura.com\/index.php\/ariadna-zerpa-chacon\/#primaryimage\",\"url\":\"http:\/\/www.faq-arquitectura.com\/wp-content\/uploads\/2016\/10\/8586_11-200x300.jpg\",\"contentUrl\":\"http:\/\/www.faq-arquitectura.com\/wp-content\/uploads\/2016\/10\/8586_11-200x300.jpg\"},{\"@type\":\"BreadcrumbList\",\"@id\":\"https:\/\/www.faq-arquitectura.com\/index.php\/ariadna-zerpa-chacon\/#breadcrumb\",\"itemListElement\":[{\"@type\":\"ListItem\",\"position\":1,\"name\":\"Portada\",\"item\":\"https:\/\/www.faq-arquitectura.com\/\"},{\"@type\":\"ListItem\",\"position\":2,\"name\":\"Ariadna Zerpa Chac\u00f3n\"}]},{\"@type\":\"WebSite\",\"@id\":\"https:\/\/www.faq-arquitectura.com\/#website\",\"url\":\"https:\/\/www.faq-arquitectura.com\/\",\"name\":\"FAQ arquitectura\",\"description\":\"Estudio de arquitectura\",\"publisher\":{\"@id\":\"https:\/\/www.faq-arquitectura.com\/#organization\"},\"potentialAction\":[{\"@type\":\"SearchAction\",\"target\":{\"@type\":\"EntryPoint\",\"urlTemplate\":\"https:\/\/www.faq-arquitectura.com\/?s={search_term_string}\"},\"query-input\":{\"@type\":\"PropertyValueSpecification\",\"valueRequired\":true,\"valueName\":\"search_term_string\"}}],\"inLanguage\":\"es\"},{\"@type\":\"Organization\",\"@id\":\"https:\/\/www.faq-arquitectura.com\/#organization\",\"name\":\"FAQ arquitectura\",\"url\":\"https:\/\/www.faq-arquitectura.com\/\",\"logo\":{\"@type\":\"ImageObject\",\"inLanguage\":\"es\",\"@id\":\"https:\/\/www.faq-arquitectura.com\/#\/schema\/logo\/image\/\",\"url\":\"http:\/\/www.faq-arquitectura.com\/wp-content\/uploads\/2017\/02\/LOGO-FAQ-2017.png\",\"contentUrl\":\"http:\/\/www.faq-arquitectura.com\/wp-content\/uploads\/2017\/02\/LOGO-FAQ-2017.png\",\"width\":875,\"height\":246,\"caption\":\"FAQ arquitectura\"},\"image\":{\"@id\":\"https:\/\/www.faq-arquitectura.com\/#\/schema\/logo\/image\/\"},\"sameAs\":[\"https:\/\/www.facebook.com\/FAQarquitectura\/\",\"https:\/\/x.com\/FAQarquitectura\",\"https:\/\/www.instagram.com\/faqarquitectura\/\",\"https:\/\/www.linkedin.com\/company\/faq-arquitectura\",\"https:\/\/es.pinterest.com\/faqarquitectura\/\"]}]}<\/script>\n<!-- \/ Yoast SEO plugin. -->","yoast_head_json":{"title":"Ariadna Zerpa Chac\u00f3n - FAQ arquitectura","robots":{"index":"index","follow":"follow","max-snippet":"max-snippet:-1","max-image-preview":"max-image-preview:large","max-video-preview":"max-video-preview:-1"},"canonical":"https:\/\/www.faq-arquitectura.com\/index.php\/ariadna-zerpa-chacon\/","og_locale":"es_ES","og_type":"article","og_title":"Ariadna Zerpa Chac\u00f3n - FAQ arquitectura","og_description":"Freelance de arquitectura, facility management, dise\u00f1o de interiores y dise\u00f1o gr\u00e1fico. Arquitecto por la Facultad de Arquitectura y Urbanismo de la Universidad Central de Venezuela (Caracas) Arquitecto por la Escuela T\u00e9cnica Superior de Arquitectura de la Universidad de Sevilla. M\u00e1ster en Gesti\u00f3n Integral del Medio Ambiente por la E.T.S.I. de la Universidad de Sevilla. Especialista [&hellip;]","og_url":"https:\/\/www.faq-arquitectura.com\/index.php\/ariadna-zerpa-chacon\/","og_site_name":"FAQ arquitectura","article_publisher":"https:\/\/www.facebook.com\/FAQarquitectura\/","article_modified_time":"2024-10-02T15:55:54+00:00","og_image":[{"url":"http:\/\/www.faq-arquitectura.com\/wp-content\/uploads\/2016\/10\/8586_11-200x300.jpg"}],"twitter_card":"summary_large_image","twitter_site":"@FAQarquitectura","schema":{"@context":"https:\/\/schema.org","@graph":[{"@type":"WebPage","@id":"https:\/\/www.faq-arquitectura.com\/index.php\/ariadna-zerpa-chacon\/","url":"https:\/\/www.faq-arquitectura.com\/index.php\/ariadna-zerpa-chacon\/","name":"Ariadna Zerpa Chac\u00f3n - FAQ arquitectura","isPartOf":{"@id":"https:\/\/www.faq-arquitectura.com\/#website"},"primaryImageOfPage":{"@id":"https:\/\/www.faq-arquitectura.com\/index.php\/ariadna-zerpa-chacon\/#primaryimage"},"image":{"@id":"https:\/\/www.faq-arquitectura.com\/index.php\/ariadna-zerpa-chacon\/#primaryimage"},"thumbnailUrl":"http:\/\/www.faq-arquitectura.com\/wp-content\/uploads\/2016\/10\/8586_11-200x300.jpg","datePublished":"2016-09-21T11:48:55+00:00","dateModified":"2024-10-02T15:55:54+00:00","breadcrumb":{"@id":"https:\/\/www.faq-arquitectura.com\/index.php\/ariadna-zerpa-chacon\/#breadcrumb"},"inLanguage":"es","potentialAction":[{"@type":"ReadAction","target":["https:\/\/www.faq-arquitectura.com\/index.php\/ariadna-zerpa-chacon\/"]}]},{"@type":"ImageObject","inLanguage":"es","@id":"https:\/\/www.faq-arquitectura.com\/index.php\/ariadna-zerpa-chacon\/#primaryimage","url":"http:\/\/www.faq-arquitectura.com\/wp-content\/uploads\/2016\/10\/8586_11-200x300.jpg","contentUrl":"http:\/\/www.faq-arquitectura.com\/wp-content\/uploads\/2016\/10\/8586_11-200x300.jpg"},{"@type":"BreadcrumbList","@id":"https:\/\/www.faq-arquitectura.com\/index.php\/ariadna-zerpa-chacon\/#breadcrumb","itemListElement":[{"@type":"ListItem","position":1,"name":"Portada","item":"https:\/\/www.faq-arquitectura.com\/"},{"@type":"ListItem","position":2,"name":"Ariadna Zerpa Chac\u00f3n"}]},{"@type":"WebSite","@id":"https:\/\/www.faq-arquitectura.com\/#website","url":"https:\/\/www.faq-arquitectura.com\/","name":"FAQ arquitectura","description":"Estudio de arquitectura","publisher":{"@id":"https:\/\/www.faq-arquitectura.com\/#organization"},"potentialAction":[{"@type":"SearchAction","target":{"@type":"EntryPoint","urlTemplate":"https:\/\/www.faq-arquitectura.com\/?s={search_term_string}"},"query-input":{"@type":"PropertyValueSpecification","valueRequired":true,"valueName":"search_term_string"}}],"inLanguage":"es"},{"@type":"Organization","@id":"https:\/\/www.faq-arquitectura.com\/#organization","name":"FAQ arquitectura","url":"https:\/\/www.faq-arquitectura.com\/","logo":{"@type":"ImageObject","inLanguage":"es","@id":"https:\/\/www.faq-arquitectura.com\/#\/schema\/logo\/image\/","url":"http:\/\/www.faq-arquitectura.com\/wp-content\/uploads\/2017\/02\/LOGO-FAQ-2017.png","contentUrl":"http:\/\/www.faq-arquitectura.com\/wp-content\/uploads\/2017\/02\/LOGO-FAQ-2017.png","width":875,"height":246,"caption":"FAQ arquitectura"},"image":{"@id":"https:\/\/www.faq-arquitectura.com\/#\/schema\/logo\/image\/"},"sameAs":["https:\/\/www.facebook.com\/FAQarquitectura\/","https:\/\/x.com\/FAQarquitectura","https:\/\/www.instagram.com\/faqarquitectura\/","https:\/\/www.linkedin.com\/company\/faq-arquitectura","https:\/\/es.pinterest.com\/faqarquitectura\/"]}]}},"_links":{"self":[{"href":"https:\/\/www.faq-arquitectura.com\/index.php\/wp-json\/wp\/v2\/pages\/801"}],"collection":[{"href":"https:\/\/www.faq-arquitectura.com\/index.php\/wp-json\/wp\/v2\/pages"}],"about":[{"href":"https:\/\/www.faq-arquitectura.com\/index.php\/wp-json\/wp\/v2\/types\/page"}],"author":[{"embeddable":true,"href":"https:\/\/www.faq-arquitectura.com\/index.php\/wp-json\/wp\/v2\/users\/1"}],"replies":[{"embeddable":true,"href":"https:\/\/www.faq-arquitectura.com\/index.php\/wp-json\/wp\/v2\/comments?post=801"}],"version-history":[{"count":18,"href":"https:\/\/www.faq-arquitectura.com\/index.php\/wp-json\/wp\/v2\/pages\/801\/revisions"}],"predecessor-version":[{"id":3435,"href":"https:\/\/www.faq-arquitectura.com\/index.php\/wp-json\/wp\/v2\/pages\/801\/revisions\/3435"}],"wp:attachment":[{"href":"https:\/\/www.faq-arquitectura.com\/index.php\/wp-json\/wp\/v2\/media?parent=801"}],"curies":[{"name":"wp","href":"https:\/\/api.w.org\/{rel}","templated":true}]}}

Ariadna Zerpa Chacón

<p><img loading="lazy" decoding="async" class="aligncenter size-medium wp-image-2610" src="https://www.faq-arquitectura.com/wp-content/uploads/2016/10/8586_11-200x300.jpg" alt="" width="200" height="300" srcset="https://www.faq-arquitectura.com/wp-content/uploads/2016/10/8586_11-200x300.jpg 200w, https://www.faq-arquitectura.com/wp-content/uploads/2016/10/8586_11-768x1152.jpg 768w, https://www.faq-arquitectura.com/wp-content/uploads/2016/10/8586_11-682x1024.jpg 682w, https://www.faq-arquitectura.com/wp-content/uploads/2016/10/8586_11-780x1170.jpg 780w, https://www.faq-arquitectura.com/wp-content/uploads/2016/10/8586_11-1200x1800.jpg 1200w, https://www.faq-arquitectura.com/wp-content/uploads/2016/10/8586_11-400x600.jpg 400w, https://www.faq-arquitectura.com/wp-content/uploads/2016/10/8586_11.jpg 1333w" sizes="(max-width: 200px) 100vw, 200px" /></p>
<p style="text-align: justify;">Freelance de arquitectura, facility management, diseño de interiores y diseño gráfico.</p>
<p style="text-align: justify;">Arquitecto por la Facultad de Arquitectura y Urbanismo de la Universidad Central de Venezuela (Caracas)</p>
<p style="text-align: justify;">Arquitecto por la Escuela Técnica Superior de Arquitectura de la Universidad de Sevilla.</p>
<p style="text-align: justify;">Máster en Gestión Integral del Medio Ambiente por la E.T.S.I. de la Universidad de Sevilla.</p>
<p style="text-align: justify;">Especialista en Seguridad y Salud en Obras Civiles por la E.T.S.I. de la Universidad de Granada.</p>
<p style="text-align: justify;">Facility Manager por la EADIC (Escuela Técnica Especializada en Ingeniería, Arquitectura y Construcción)</p>
<p style="text-align: justify;">Colaboró con el estudio de arquitectura <a href="http://www.carakas.com/" target="_blank" rel="noopener noreferrer">Carakas Desing Group</a> (Venezuela)</p>
<p style="text-align: justify;">Especialista en interiorismo y desarrollo de mobiliario específico.</p>
<p style="text-align: justify;">Proyección, supervisión, control de calidad de la instalación mobiliaria para cadenas de hoteles, restaurantes y retail en Europa.</p>
<p style="text-align: justify;">Además es diseñadora de joyas.</p>

<p>Freelance de arquitectura, facility management, diseño de interiores y diseño gráfico. Arquitecto por la Facultad de Arquitectura y Urbanismo de la Universidad Central de Venezuela (Caracas) Arquitecto por la Escuela Técnica Superior de Arquitectura de la Universidad de Sevilla. Máster en Gestión Integral del Medio Ambiente por la E.T.S.I. de la Universidad de Sevilla. Especialista [&hellip;]</p>

<!-- This site is optimized with the Yoast SEO plugin v23.5 - https://yoast.com/wordpress/plugins/seo/ -->
<title>Ariadna Zerpa Chacón - FAQ arquitectura</title>
<meta name="robots" content="index, follow, max-snippet:-1, max-image-preview:large, max-video-preview:-1" />
<link rel="canonical" href="https://www.faq-arquitectura.com/index.php/ariadna-zerpa-chacon/" />
<meta property="og:locale" content="es_ES" />
<meta property="og:type" content="article" />
<meta property="og:title" content="Ariadna Zerpa Chacón - FAQ arquitectura" />
<meta property="og:description" content="Freelance de arquitectura, facility management, diseño de interiores y diseño gráfico. Arquitecto por la Facultad de Arquitectura y Urbanismo de la Universidad Central de Venezuela (Caracas) Arquitecto por la Escuela Técnica Superior de Arquitectura de la Universidad de Sevilla. Máster en Gestión Integral del Medio Ambiente por la E.T.S.I. de la Universidad de Sevilla. Especialista [&hellip;]" />
<meta property="og:url" content="https://www.faq-arquitectura.com/index.php/ariadna-zerpa-chacon/" />
<meta property="og:site_name" content="FAQ arquitectura" />
<meta property="article:publisher" content="https://www.facebook.com/FAQarquitectura/" />
<meta property="article:modified_time" content="2024-10-02T15:55:54+00:00" />
<meta property="og:image" content="http://www.faq-arquitectura.com/wp-content/uploads/2016/10/8586_11-200x300.jpg" />
<meta name="twitter:card" content="summary_large_image" />
<meta name="twitter:site" content="@FAQarquitectura" />
<script type="application/ld+json" class="yoast-schema-graph">{"@context":"https://schema.org","@graph":[{"@type":"WebPage","@id":"https://www.faq-arquitectura.com/index.php/ariadna-zerpa-chacon/","url":"https://www.faq-arquitectura.com/index.php/ariadna-zerpa-chacon/","name":"Ariadna Zerpa Chacón - FAQ arquitectura","isPartOf":{"@id":"https://www.faq-arquitectura.com/#website"},"primaryImageOfPage":{"@id":"https://www.faq-arquitectura.com/index.php/ariadna-zerpa-chacon/#primaryimage"},"image":{"@id":"https://www.faq-arquitectura.com/index.php/ariadna-zerpa-chacon/#primaryimage"},"thumbnailUrl":"http://www.faq-arquitectura.com/wp-content/uploads/2016/10/8586_11-200x300.jpg","datePublished":"2016-09-21T11:48:55+00:00","dateModified":"2024-10-02T15:55:54+00:00","breadcrumb":{"@id":"https://www.faq-arquitectura.com/index.php/ariadna-zerpa-chacon/#breadcrumb"},"inLanguage":"es","potentialAction":[{"@type":"ReadAction","target":["https://www.faq-arquitectura.com/index.php/ariadna-zerpa-chacon/"]}]},{"@type":"ImageObject","inLanguage":"es","@id":"https://www.faq-arquitectura.com/index.php/ariadna-zerpa-chacon/#primaryimage","url":"http://www.faq-arquitectura.com/wp-content/uploads/2016/10/8586_11-200x300.jpg","contentUrl":"http://www.faq-arquitectura.com/wp-content/uploads/2016/10/8586_11-200x300.jpg"},{"@type":"BreadcrumbList","@id":"https://www.faq-arquitectura.com/index.php/ariadna-zerpa-chacon/#breadcrumb","itemListElement":[{"@type":"ListItem","position":1,"name":"Portada","item":"https://www.faq-arquitectura.com/"},{"@type":"ListItem","position":2,"name":"Ariadna Zerpa Chacón"}]},{"@type":"WebSite","@id":"https://www.faq-arquitectura.com/#website","url":"https://www.faq-arquitectura.com/","name":"FAQ arquitectura","description":"Estudio de arquitectura","publisher":{"@id":"https://www.faq-arquitectura.com/#organization"},"potentialAction":[{"@type":"SearchAction","target":{"@type":"EntryPoint","urlTemplate":"https://www.faq-arquitectura.com/?s={search_term_string}"},"query-input":{"@type":"PropertyValueSpecification","valueRequired":true,"valueName":"search_term_string"}}],"inLanguage":"es"},{"@type":"Organization","@id":"https://www.faq-arquitectura.com/#organization","name":"FAQ arquitectura","url":"https://www.faq-arquitectura.com/","logo":{"@type":"ImageObject","inLanguage":"es","@id":"https://www.faq-arquitectura.com/#/schema/logo/image/","url":"http://www.faq-arquitectura.com/wp-content/uploads/2017/02/LOGO-FAQ-2017.png","contentUrl":"http://www.faq-arquitectura.com/wp-content/uploads/2017/02/LOGO-FAQ-2017.png","width":875,"height":246,"caption":"FAQ arquitectura"},"image":{"@id":"https://www.faq-arquitectura.com/#/schema/logo/image/"},"sameAs":["https://www.facebook.com/FAQarquitectura/","https://x.com/FAQarquitectura","https://www.instagram.com/faqarquitectura/","https://www.linkedin.com/company/faq-arquitectura","https://es.pinterest.com/faqarquitectura/"]}]}</script>
<!-- / Yoast SEO plugin. -->

Ariadna Zerpa Chacón - FAQ arquitectura

Freelance de arquitectura, facility management, diseño de interiores y diseño gráfico. Arquitecto por la Facultad de Arquitectura y Urbanismo de la Universidad Central de Venezuela (Caracas) Arquitecto por la Escuela Técnica Superior de Arquitectura de la Universidad de Sevilla. Máster en Gestión Integral del Medio Ambiente por la E.T.S.I. de la Universidad de Sevilla. Especialista [&hellip;]
