{"id":798,"date":"2016-09-21T11:46:37","date_gmt":"2016-09-21T11:46:37","guid":{"rendered":"http:\/\/www.buscoarquitectos.com\/?page_id=798"},"modified":"2025-10-12T10:34:37","modified_gmt":"2025-10-12T10:34:37","slug":"victor-garcia-trejo","status":"publish","type":"page","link":"https:\/\/www.faq-arquitectura.com\/index.php\/victor-garcia-trejo\/","title":{"rendered":"V\u00edctor Garc\u00eda Trejo"},"content":{"rendered":"<p><img loading=\"lazy\" decoding=\"async\" class=\"aligncenter wp-image-2618 size-medium\" src=\"https:\/\/www.faq-arquitectura.com\/wp-content\/uploads\/2016\/10\/8586_19-200x300.jpg\" alt=\"\" width=\"200\" height=\"300\" srcset=\"https:\/\/www.faq-arquitectura.com\/wp-content\/uploads\/2016\/10\/8586_19-200x300.jpg 200w, https:\/\/www.faq-arquitectura.com\/wp-content\/uploads\/2016\/10\/8586_19-768x1152.jpg 768w, https:\/\/www.faq-arquitectura.com\/wp-content\/uploads\/2016\/10\/8586_19-682x1024.jpg 682w, https:\/\/www.faq-arquitectura.com\/wp-content\/uploads\/2016\/10\/8586_19-780x1170.jpg 780w, https:\/\/www.faq-arquitectura.com\/wp-content\/uploads\/2016\/10\/8586_19-1200x1800.jpg 1200w, https:\/\/www.faq-arquitectura.com\/wp-content\/uploads\/2016\/10\/8586_19-400x600.jpg 400w, https:\/\/www.faq-arquitectura.com\/wp-content\/uploads\/2016\/10\/8586_19.jpg 1333w\" sizes=\"(max-width: 200px) 100vw, 200px\" \/><\/p>\n<p style=\"text-align: justify;\">Arquitecto por la Escuela T\u00e9cnica Superior de Arquitectura de la Universidad de Sevilla.<\/p>\n<p>Establece estudio propio en 2002.<\/p>\n<p style=\"text-align: justify;\">Amplia experiencia en edificios de vivienda, tanto unifamiliar como plurifamiliar (VPO, promoci\u00f3n privada\u2026), en el \u00e1rea de rehabilitaci\u00f3n de edificios en cascos hist\u00f3ricos, destacando trabajos para la Empresa P\u00fablica de Suelo de la Junta de Andaluc\u00eda (antigua EPSA) y para la Empresa Municipal de Vivienda, Suelo y Equipamiento de Sevilla (EMVISESA), as\u00ed como en la realizaci\u00f3n de proyectos y obras para el sector hotelero, hostelero y del retail.<\/p>\n<p style=\"text-align: justify;\">Con <a href=\"https:\/\/www.linkedin.com\/in\/susso3jo\/\" target=\"_blank\" rel=\"noopener\">Jes\u00fas Garc\u00eda Trejo<\/a> ha trabajado en diversos proyectos. Desde 1996 hasta 2025 ha colaborado asiduamente con el estudio de <a href=\"http:\/\/www.carrascal-fernandezdelapuente.com\/\" target=\"_blank\" rel=\"noopener\">Fernando Carrascal y Jos\u00e9 Maria Fernandez de la Puente.<\/a><\/p>\n","protected":false},"excerpt":{"rendered":"<p>Arquitecto por la Escuela T\u00e9cnica Superior de Arquitectura de la Universidad de Sevilla. Establece estudio propio en 2002. Amplia experiencia en edificios de vivienda, tanto unifamiliar como plurifamiliar (VPO, promoci\u00f3n privada\u2026), en el \u00e1rea de rehabilitaci\u00f3n de edificios en cascos hist\u00f3ricos, destacando trabajos para la Empresa P\u00fablica de Suelo de la Junta de Andaluc\u00eda (antigua [&hellip;]<\/p>\n","protected":false},"author":1,"featured_media":0,"parent":0,"menu_order":0,"comment_status":"closed","ping_status":"closed","template":"page-templates\/full-width.php","meta":{"footnotes":""},"class_list":["post-798","page","type-page","status-publish","hentry"],"yoast_head":"<!-- This site is optimized with the Yoast SEO plugin v23.5 - https:\/\/yoast.com\/wordpress\/plugins\/seo\/ -->\n<title>V\u00edctor Garc\u00eda Trejo - FAQ arquitectura<\/title>\n<meta name=\"robots\" content=\"index, follow, max-snippet:-1, max-image-preview:large, max-video-preview:-1\" \/>\n<link rel=\"canonical\" href=\"https:\/\/www.faq-arquitectura.com\/index.php\/victor-garcia-trejo\/\" \/>\n<meta property=\"og:locale\" content=\"es_ES\" \/>\n<meta property=\"og:type\" content=\"article\" \/>\n<meta property=\"og:title\" content=\"V\u00edctor Garc\u00eda Trejo - FAQ arquitectura\" \/>\n<meta property=\"og:description\" content=\"Arquitecto por la Escuela T\u00e9cnica Superior de Arquitectura de la Universidad de Sevilla. Establece estudio propio en 2002. Amplia experiencia en edificios de vivienda, tanto unifamiliar como plurifamiliar (VPO, promoci\u00f3n privada\u2026), en el \u00e1rea de rehabilitaci\u00f3n de edificios en cascos hist\u00f3ricos, destacando trabajos para la Empresa P\u00fablica de Suelo de la Junta de Andaluc\u00eda (antigua [&hellip;]\" \/>\n<meta property=\"og:url\" content=\"https:\/\/www.faq-arquitectura.com\/index.php\/victor-garcia-trejo\/\" \/>\n<meta property=\"og:site_name\" content=\"FAQ arquitectura\" \/>\n<meta property=\"article:publisher\" content=\"https:\/\/www.facebook.com\/FAQarquitectura\/\" \/>\n<meta property=\"article:modified_time\" content=\"2025-10-12T10:34:37+00:00\" \/>\n<meta property=\"og:image\" content=\"http:\/\/www.faq-arquitectura.com\/wp-content\/uploads\/2016\/10\/8586_19-200x300.jpg\" \/>\n<meta name=\"twitter:card\" content=\"summary_large_image\" \/>\n<meta name=\"twitter:site\" content=\"@FAQarquitectura\" \/>\n<meta name=\"twitter:label1\" content=\"Tiempo de lectura\" \/>\n\t<meta name=\"twitter:data1\" content=\"1 minuto\" \/>\n<script type=\"application\/ld+json\" class=\"yoast-schema-graph\">{\"@context\":\"https:\/\/schema.org\",\"@graph\":[{\"@type\":\"WebPage\",\"@id\":\"https:\/\/www.faq-arquitectura.com\/index.php\/victor-garcia-trejo\/\",\"url\":\"https:\/\/www.faq-arquitectura.com\/index.php\/victor-garcia-trejo\/\",\"name\":\"V\u00edctor Garc\u00eda Trejo - FAQ arquitectura\",\"isPartOf\":{\"@id\":\"https:\/\/www.faq-arquitectura.com\/#website\"},\"primaryImageOfPage\":{\"@id\":\"https:\/\/www.faq-arquitectura.com\/index.php\/victor-garcia-trejo\/#primaryimage\"},\"image\":{\"@id\":\"https:\/\/www.faq-arquitectura.com\/index.php\/victor-garcia-trejo\/#primaryimage\"},\"thumbnailUrl\":\"http:\/\/www.faq-arquitectura.com\/wp-content\/uploads\/2016\/10\/8586_19-200x300.jpg\",\"datePublished\":\"2016-09-21T11:46:37+00:00\",\"dateModified\":\"2025-10-12T10:34:37+00:00\",\"breadcrumb\":{\"@id\":\"https:\/\/www.faq-arquitectura.com\/index.php\/victor-garcia-trejo\/#breadcrumb\"},\"inLanguage\":\"es\",\"potentialAction\":[{\"@type\":\"ReadAction\",\"target\":[\"https:\/\/www.faq-arquitectura.com\/index.php\/victor-garcia-trejo\/\"]}]},{\"@type\":\"ImageObject\",\"inLanguage\":\"es\",\"@id\":\"https:\/\/www.faq-arquitectura.com\/index.php\/victor-garcia-trejo\/#primaryimage\",\"url\":\"http:\/\/www.faq-arquitectura.com\/wp-content\/uploads\/2016\/10\/8586_19-200x300.jpg\",\"contentUrl\":\"http:\/\/www.faq-arquitectura.com\/wp-content\/uploads\/2016\/10\/8586_19-200x300.jpg\"},{\"@type\":\"BreadcrumbList\",\"@id\":\"https:\/\/www.faq-arquitectura.com\/index.php\/victor-garcia-trejo\/#breadcrumb\",\"itemListElement\":[{\"@type\":\"ListItem\",\"position\":1,\"name\":\"Portada\",\"item\":\"https:\/\/www.faq-arquitectura.com\/\"},{\"@type\":\"ListItem\",\"position\":2,\"name\":\"V\u00edctor Garc\u00eda Trejo\"}]},{\"@type\":\"WebSite\",\"@id\":\"https:\/\/www.faq-arquitectura.com\/#website\",\"url\":\"https:\/\/www.faq-arquitectura.com\/\",\"name\":\"FAQ arquitectura\",\"description\":\"Estudio de arquitectura\",\"publisher\":{\"@id\":\"https:\/\/www.faq-arquitectura.com\/#organization\"},\"potentialAction\":[{\"@type\":\"SearchAction\",\"target\":{\"@type\":\"EntryPoint\",\"urlTemplate\":\"https:\/\/www.faq-arquitectura.com\/?s={search_term_string}\"},\"query-input\":{\"@type\":\"PropertyValueSpecification\",\"valueRequired\":true,\"valueName\":\"search_term_string\"}}],\"inLanguage\":\"es\"},{\"@type\":\"Organization\",\"@id\":\"https:\/\/www.faq-arquitectura.com\/#organization\",\"name\":\"FAQ arquitectura\",\"url\":\"https:\/\/www.faq-arquitectura.com\/\",\"logo\":{\"@type\":\"ImageObject\",\"inLanguage\":\"es\",\"@id\":\"https:\/\/www.faq-arquitectura.com\/#\/schema\/logo\/image\/\",\"url\":\"http:\/\/www.faq-arquitectura.com\/wp-content\/uploads\/2017\/02\/LOGO-FAQ-2017.png\",\"contentUrl\":\"http:\/\/www.faq-arquitectura.com\/wp-content\/uploads\/2017\/02\/LOGO-FAQ-2017.png\",\"width\":875,\"height\":246,\"caption\":\"FAQ arquitectura\"},\"image\":{\"@id\":\"https:\/\/www.faq-arquitectura.com\/#\/schema\/logo\/image\/\"},\"sameAs\":[\"https:\/\/www.facebook.com\/FAQarquitectura\/\",\"https:\/\/x.com\/FAQarquitectura\",\"https:\/\/www.instagram.com\/faqarquitectura\/\",\"https:\/\/www.linkedin.com\/company\/faq-arquitectura\",\"https:\/\/es.pinterest.com\/faqarquitectura\/\"]}]}<\/script>\n<!-- \/ Yoast SEO plugin. -->","yoast_head_json":{"title":"V\u00edctor Garc\u00eda Trejo - FAQ arquitectura","robots":{"index":"index","follow":"follow","max-snippet":"max-snippet:-1","max-image-preview":"max-image-preview:large","max-video-preview":"max-video-preview:-1"},"canonical":"https:\/\/www.faq-arquitectura.com\/index.php\/victor-garcia-trejo\/","og_locale":"es_ES","og_type":"article","og_title":"V\u00edctor Garc\u00eda Trejo - FAQ arquitectura","og_description":"Arquitecto por la Escuela T\u00e9cnica Superior de Arquitectura de la Universidad de Sevilla. Establece estudio propio en 2002. Amplia experiencia en edificios de vivienda, tanto unifamiliar como plurifamiliar (VPO, promoci\u00f3n privada\u2026), en el \u00e1rea de rehabilitaci\u00f3n de edificios en cascos hist\u00f3ricos, destacando trabajos para la Empresa P\u00fablica de Suelo de la Junta de Andaluc\u00eda (antigua [&hellip;]","og_url":"https:\/\/www.faq-arquitectura.com\/index.php\/victor-garcia-trejo\/","og_site_name":"FAQ arquitectura","article_publisher":"https:\/\/www.facebook.com\/FAQarquitectura\/","article_modified_time":"2025-10-12T10:34:37+00:00","og_image":[{"url":"http:\/\/www.faq-arquitectura.com\/wp-content\/uploads\/2016\/10\/8586_19-200x300.jpg"}],"twitter_card":"summary_large_image","twitter_site":"@FAQarquitectura","twitter_misc":{"Tiempo de lectura":"1 minuto"},"schema":{"@context":"https:\/\/schema.org","@graph":[{"@type":"WebPage","@id":"https:\/\/www.faq-arquitectura.com\/index.php\/victor-garcia-trejo\/","url":"https:\/\/www.faq-arquitectura.com\/index.php\/victor-garcia-trejo\/","name":"V\u00edctor Garc\u00eda Trejo - FAQ arquitectura","isPartOf":{"@id":"https:\/\/www.faq-arquitectura.com\/#website"},"primaryImageOfPage":{"@id":"https:\/\/www.faq-arquitectura.com\/index.php\/victor-garcia-trejo\/#primaryimage"},"image":{"@id":"https:\/\/www.faq-arquitectura.com\/index.php\/victor-garcia-trejo\/#primaryimage"},"thumbnailUrl":"http:\/\/www.faq-arquitectura.com\/wp-content\/uploads\/2016\/10\/8586_19-200x300.jpg","datePublished":"2016-09-21T11:46:37+00:00","dateModified":"2025-10-12T10:34:37+00:00","breadcrumb":{"@id":"https:\/\/www.faq-arquitectura.com\/index.php\/victor-garcia-trejo\/#breadcrumb"},"inLanguage":"es","potentialAction":[{"@type":"ReadAction","target":["https:\/\/www.faq-arquitectura.com\/index.php\/victor-garcia-trejo\/"]}]},{"@type":"ImageObject","inLanguage":"es","@id":"https:\/\/www.faq-arquitectura.com\/index.php\/victor-garcia-trejo\/#primaryimage","url":"http:\/\/www.faq-arquitectura.com\/wp-content\/uploads\/2016\/10\/8586_19-200x300.jpg","contentUrl":"http:\/\/www.faq-arquitectura.com\/wp-content\/uploads\/2016\/10\/8586_19-200x300.jpg"},{"@type":"BreadcrumbList","@id":"https:\/\/www.faq-arquitectura.com\/index.php\/victor-garcia-trejo\/#breadcrumb","itemListElement":[{"@type":"ListItem","position":1,"name":"Portada","item":"https:\/\/www.faq-arquitectura.com\/"},{"@type":"ListItem","position":2,"name":"V\u00edctor Garc\u00eda Trejo"}]},{"@type":"WebSite","@id":"https:\/\/www.faq-arquitectura.com\/#website","url":"https:\/\/www.faq-arquitectura.com\/","name":"FAQ arquitectura","description":"Estudio de arquitectura","publisher":{"@id":"https:\/\/www.faq-arquitectura.com\/#organization"},"potentialAction":[{"@type":"SearchAction","target":{"@type":"EntryPoint","urlTemplate":"https:\/\/www.faq-arquitectura.com\/?s={search_term_string}"},"query-input":{"@type":"PropertyValueSpecification","valueRequired":true,"valueName":"search_term_string"}}],"inLanguage":"es"},{"@type":"Organization","@id":"https:\/\/www.faq-arquitectura.com\/#organization","name":"FAQ arquitectura","url":"https:\/\/www.faq-arquitectura.com\/","logo":{"@type":"ImageObject","inLanguage":"es","@id":"https:\/\/www.faq-arquitectura.com\/#\/schema\/logo\/image\/","url":"http:\/\/www.faq-arquitectura.com\/wp-content\/uploads\/2017\/02\/LOGO-FAQ-2017.png","contentUrl":"http:\/\/www.faq-arquitectura.com\/wp-content\/uploads\/2017\/02\/LOGO-FAQ-2017.png","width":875,"height":246,"caption":"FAQ arquitectura"},"image":{"@id":"https:\/\/www.faq-arquitectura.com\/#\/schema\/logo\/image\/"},"sameAs":["https:\/\/www.facebook.com\/FAQarquitectura\/","https:\/\/x.com\/FAQarquitectura","https:\/\/www.instagram.com\/faqarquitectura\/","https:\/\/www.linkedin.com\/company\/faq-arquitectura","https:\/\/es.pinterest.com\/faqarquitectura\/"]}]}},"_links":{"self":[{"href":"https:\/\/www.faq-arquitectura.com\/index.php\/wp-json\/wp\/v2\/pages\/798"}],"collection":[{"href":"https:\/\/www.faq-arquitectura.com\/index.php\/wp-json\/wp\/v2\/pages"}],"about":[{"href":"https:\/\/www.faq-arquitectura.com\/index.php\/wp-json\/wp\/v2\/types\/page"}],"author":[{"embeddable":true,"href":"https:\/\/www.faq-arquitectura.com\/index.php\/wp-json\/wp\/v2\/users\/1"}],"replies":[{"embeddable":true,"href":"https:\/\/www.faq-arquitectura.com\/index.php\/wp-json\/wp\/v2\/comments?post=798"}],"version-history":[{"count":14,"href":"https:\/\/www.faq-arquitectura.com\/index.php\/wp-json\/wp\/v2\/pages\/798\/revisions"}],"predecessor-version":[{"id":3439,"href":"https:\/\/www.faq-arquitectura.com\/index.php\/wp-json\/wp\/v2\/pages\/798\/revisions\/3439"}],"wp:attachment":[{"href":"https:\/\/www.faq-arquitectura.com\/index.php\/wp-json\/wp\/v2\/media?parent=798"}],"curies":[{"name":"wp","href":"https:\/\/api.w.org\/{rel}","templated":true}]}}

Víctor García Trejo

<p><img loading="lazy" decoding="async" class="aligncenter wp-image-2618 size-medium" src="https://www.faq-arquitectura.com/wp-content/uploads/2016/10/8586_19-200x300.jpg" alt="" width="200" height="300" srcset="https://www.faq-arquitectura.com/wp-content/uploads/2016/10/8586_19-200x300.jpg 200w, https://www.faq-arquitectura.com/wp-content/uploads/2016/10/8586_19-768x1152.jpg 768w, https://www.faq-arquitectura.com/wp-content/uploads/2016/10/8586_19-682x1024.jpg 682w, https://www.faq-arquitectura.com/wp-content/uploads/2016/10/8586_19-780x1170.jpg 780w, https://www.faq-arquitectura.com/wp-content/uploads/2016/10/8586_19-1200x1800.jpg 1200w, https://www.faq-arquitectura.com/wp-content/uploads/2016/10/8586_19-400x600.jpg 400w, https://www.faq-arquitectura.com/wp-content/uploads/2016/10/8586_19.jpg 1333w" sizes="(max-width: 200px) 100vw, 200px" /></p>
<p style="text-align: justify;">Arquitecto por la Escuela Técnica Superior de Arquitectura de la Universidad de Sevilla.</p>
<p>Establece estudio propio en 2002.</p>
<p style="text-align: justify;">Amplia experiencia en edificios de vivienda, tanto unifamiliar como plurifamiliar (VPO, promoción privada…), en el área de rehabilitación de edificios en cascos históricos, destacando trabajos para la Empresa Pública de Suelo de la Junta de Andalucía (antigua EPSA) y para la Empresa Municipal de Vivienda, Suelo y Equipamiento de Sevilla (EMVISESA), así como en la realización de proyectos y obras para el sector hotelero, hostelero y del retail.</p>
<p style="text-align: justify;">Con <a href="https://www.linkedin.com/in/susso3jo/" target="_blank" rel="noopener">Jesús García Trejo</a> ha trabajado en diversos proyectos. Desde 1996 hasta 2025 ha colaborado asiduamente con el estudio de <a href="http://www.carrascal-fernandezdelapuente.com/" target="_blank" rel="noopener">Fernando Carrascal y José Maria Fernandez de la Puente.</a></p>

<p>Arquitecto por la Escuela Técnica Superior de Arquitectura de la Universidad de Sevilla. Establece estudio propio en 2002. Amplia experiencia en edificios de vivienda, tanto unifamiliar como plurifamiliar (VPO, promoción privada…), en el área de rehabilitación de edificios en cascos históricos, destacando trabajos para la Empresa Pública de Suelo de la Junta de Andalucía (antigua [&hellip;]</p>

<!-- This site is optimized with the Yoast SEO plugin v23.5 - https://yoast.com/wordpress/plugins/seo/ -->
<title>Víctor García Trejo - FAQ arquitectura</title>
<meta name="robots" content="index, follow, max-snippet:-1, max-image-preview:large, max-video-preview:-1" />
<link rel="canonical" href="https://www.faq-arquitectura.com/index.php/victor-garcia-trejo/" />
<meta property="og:locale" content="es_ES" />
<meta property="og:type" content="article" />
<meta property="og:title" content="Víctor García Trejo - FAQ arquitectura" />
<meta property="og:description" content="Arquitecto por la Escuela Técnica Superior de Arquitectura de la Universidad de Sevilla. Establece estudio propio en 2002. Amplia experiencia en edificios de vivienda, tanto unifamiliar como plurifamiliar (VPO, promoción privada…), en el área de rehabilitación de edificios en cascos históricos, destacando trabajos para la Empresa Pública de Suelo de la Junta de Andalucía (antigua [&hellip;]" />
<meta property="og:url" content="https://www.faq-arquitectura.com/index.php/victor-garcia-trejo/" />
<meta property="og:site_name" content="FAQ arquitectura" />
<meta property="article:publisher" content="https://www.facebook.com/FAQarquitectura/" />
<meta property="article:modified_time" content="2025-10-12T10:34:37+00:00" />
<meta property="og:image" content="http://www.faq-arquitectura.com/wp-content/uploads/2016/10/8586_19-200x300.jpg" />
<meta name="twitter:card" content="summary_large_image" />
<meta name="twitter:site" content="@FAQarquitectura" />
<meta name="twitter:label1" content="Tiempo de lectura" />
	<meta name="twitter:data1" content="1 minuto" />
<script type="application/ld+json" class="yoast-schema-graph">{"@context":"https://schema.org","@graph":[{"@type":"WebPage","@id":"https://www.faq-arquitectura.com/index.php/victor-garcia-trejo/","url":"https://www.faq-arquitectura.com/index.php/victor-garcia-trejo/","name":"Víctor García Trejo - FAQ arquitectura","isPartOf":{"@id":"https://www.faq-arquitectura.com/#website"},"primaryImageOfPage":{"@id":"https://www.faq-arquitectura.com/index.php/victor-garcia-trejo/#primaryimage"},"image":{"@id":"https://www.faq-arquitectura.com/index.php/victor-garcia-trejo/#primaryimage"},"thumbnailUrl":"http://www.faq-arquitectura.com/wp-content/uploads/2016/10/8586_19-200x300.jpg","datePublished":"2016-09-21T11:46:37+00:00","dateModified":"2025-10-12T10:34:37+00:00","breadcrumb":{"@id":"https://www.faq-arquitectura.com/index.php/victor-garcia-trejo/#breadcrumb"},"inLanguage":"es","potentialAction":[{"@type":"ReadAction","target":["https://www.faq-arquitectura.com/index.php/victor-garcia-trejo/"]}]},{"@type":"ImageObject","inLanguage":"es","@id":"https://www.faq-arquitectura.com/index.php/victor-garcia-trejo/#primaryimage","url":"http://www.faq-arquitectura.com/wp-content/uploads/2016/10/8586_19-200x300.jpg","contentUrl":"http://www.faq-arquitectura.com/wp-content/uploads/2016/10/8586_19-200x300.jpg"},{"@type":"BreadcrumbList","@id":"https://www.faq-arquitectura.com/index.php/victor-garcia-trejo/#breadcrumb","itemListElement":[{"@type":"ListItem","position":1,"name":"Portada","item":"https://www.faq-arquitectura.com/"},{"@type":"ListItem","position":2,"name":"Víctor García Trejo"}]},{"@type":"WebSite","@id":"https://www.faq-arquitectura.com/#website","url":"https://www.faq-arquitectura.com/","name":"FAQ arquitectura","description":"Estudio de arquitectura","publisher":{"@id":"https://www.faq-arquitectura.com/#organization"},"potentialAction":[{"@type":"SearchAction","target":{"@type":"EntryPoint","urlTemplate":"https://www.faq-arquitectura.com/?s={search_term_string}"},"query-input":{"@type":"PropertyValueSpecification","valueRequired":true,"valueName":"search_term_string"}}],"inLanguage":"es"},{"@type":"Organization","@id":"https://www.faq-arquitectura.com/#organization","name":"FAQ arquitectura","url":"https://www.faq-arquitectura.com/","logo":{"@type":"ImageObject","inLanguage":"es","@id":"https://www.faq-arquitectura.com/#/schema/logo/image/","url":"http://www.faq-arquitectura.com/wp-content/uploads/2017/02/LOGO-FAQ-2017.png","contentUrl":"http://www.faq-arquitectura.com/wp-content/uploads/2017/02/LOGO-FAQ-2017.png","width":875,"height":246,"caption":"FAQ arquitectura"},"image":{"@id":"https://www.faq-arquitectura.com/#/schema/logo/image/"},"sameAs":["https://www.facebook.com/FAQarquitectura/","https://x.com/FAQarquitectura","https://www.instagram.com/faqarquitectura/","https://www.linkedin.com/company/faq-arquitectura","https://es.pinterest.com/faqarquitectura/"]}]}</script>
<!-- / Yoast SEO plugin. -->

Víctor García Trejo - FAQ arquitectura

Arquitecto por la Escuela Técnica Superior de Arquitectura de la Universidad de Sevilla. Establece estudio propio en 2002. Amplia experiencia en edificios de vivienda, tanto unifamiliar como plurifamiliar (VPO, promoción privada…), en el área de rehabilitación de edificios en cascos históricos, destacando trabajos para la Empresa Pública de Suelo de la Junta de Andalucía (antigua [&hellip;]
