{"version":"1.0","provider_name":"FAQ arquitectura","provider_url":"https:\/\/www.faq-arquitectura.com","author_name":"FAQarquitectura","author_url":"https:\/\/www.faq-arquitectura.com\/index.php\/author\/faq2016\/","title":"Ariadna Zerpa Chac\u00f3n - FAQ arquitectura","type":"rich","width":600,"height":338,"html":"<blockquote class=\"wp-embedded-content\" data-secret=\"HFUQduAz3X\"><a href=\"https:\/\/www.faq-arquitectura.com\/index.php\/ariadna-zerpa-chacon\/\">Ariadna Zerpa Chac\u00f3n<\/a><\/blockquote><iframe sandbox=\"allow-scripts\" security=\"restricted\" src=\"https:\/\/www.faq-arquitectura.com\/index.php\/ariadna-zerpa-chacon\/embed\/#?secret=HFUQduAz3X\" width=\"600\" height=\"338\" title=\"\u00abAriadna Zerpa Chac\u00f3n\u00bb \u2014 FAQ arquitectura\" data-secret=\"HFUQduAz3X\" frameborder=\"0\" marginwidth=\"0\" marginheight=\"0\" scrolling=\"no\" class=\"wp-embedded-content\"><\/iframe><script type=\"text\/javascript\">\n\/* <![CDATA[ *\/\n\/*! This file is auto-generated *\/\n!function(d,l){\"use strict\";l.querySelector&&d.addEventListener&&\"undefined\"!=typeof URL&&(d.wp=d.wp||{},d.wp.receiveEmbedMessage||(d.wp.receiveEmbedMessage=function(e){var t=e.data;if((t||t.secret||t.message||t.value)&&!\/[^a-zA-Z0-9]\/.test(t.secret)){for(var s,r,n,a=l.querySelectorAll('iframe[data-secret=\"'+t.secret+'\"]'),o=l.querySelectorAll('blockquote[data-secret=\"'+t.secret+'\"]'),c=new RegExp(\"^https?:$\",\"i\"),i=0;i<o.length;i++)o[i].style.display=\"none\";for(i=0;i<a.length;i++)s=a[i],e.source===s.contentWindow&&(s.removeAttribute(\"style\"),\"height\"===t.message?(1e3<(r=parseInt(t.value,10))?r=1e3:~~r<200&&(r=200),s.height=r):\"link\"===t.message&&(r=new URL(s.getAttribute(\"src\")),n=new URL(t.value),c.test(n.protocol))&&n.host===r.host&&l.activeElement===s&&(d.top.location.href=t.value))}},d.addEventListener(\"message\",d.wp.receiveEmbedMessage,!1),l.addEventListener(\"DOMContentLoaded\",function(){for(var e,t,s=l.querySelectorAll(\"iframe.wp-embedded-content\"),r=0;r<s.length;r++)(t=(e=s[r]).getAttribute(\"data-secret\"))||(t=Math.random().toString(36).substring(2,12),e.src+=\"#?secret=\"+t,e.setAttribute(\"data-secret\",t)),e.contentWindow.postMessage({message:\"ready\",secret:t},\"*\")},!1)))}(window,document);\n\/* ]]> *\/\n<\/script>\n","description":"Freelance de arquitectura, facility management, dise\u00f1o de interiores y dise\u00f1o gr\u00e1fico. Arquitecto por la Facultad de Arquitectura y Urbanismo de la Universidad Central de Venezuela (Caracas) Arquitecto por la Escuela T\u00e9cnica Superior de Arquitectura de la Universidad de Sevilla. M\u00e1ster en Gesti\u00f3n Integral del Medio Ambiente por la E.T.S.I. de la Universidad de Sevilla. Especialista [&hellip;]","thumbnail_url":"http:\/\/www.faq-arquitectura.com\/wp-content\/uploads\/2016\/10\/8586_11-200x300.jpg"}

Ariadna Zerpa Chacón - FAQ arquitectura

<blockquote class="wp-embedded-content" data-secret="HFUQduAz3X"><a href="https://www.faq-arquitectura.com/index.php/ariadna-zerpa-chacon/">Ariadna Zerpa Chacón</a></blockquote><iframe sandbox="allow-scripts" security="restricted" src="https://www.faq-arquitectura.com/index.php/ariadna-zerpa-chacon/embed/#?secret=HFUQduAz3X" width="600" height="338" title="«Ariadna Zerpa Chacón» — FAQ arquitectura" data-secret="HFUQduAz3X" frameborder="0" marginwidth="0" marginheight="0" scrolling="no" class="wp-embedded-content"></iframe><script type="text/javascript">
/* <![CDATA[ */
/*! This file is auto-generated */
!function(d,l){"use strict";l.querySelector&&d.addEventListener&&"undefined"!=typeof URL&&(d.wp=d.wp||{},d.wp.receiveEmbedMessage||(d.wp.receiveEmbedMessage=function(e){var t=e.data;if((t||t.secret||t.message||t.value)&&!/[^a-zA-Z0-9]/.test(t.secret)){for(var s,r,n,a=l.querySelectorAll('iframe[data-secret="'+t.secret+'"]'),o=l.querySelectorAll('blockquote[data-secret="'+t.secret+'"]'),c=new RegExp("^https?:$","i"),i=0;i<o.length;i++)o[i].style.display="none";for(i=0;i<a.length;i++)s=a[i],e.source===s.contentWindow&&(s.removeAttribute("style"),"height"===t.message?(1e3<(r=parseInt(t.value,10))?r=1e3:~~r<200&&(r=200),s.height=r):"link"===t.message&&(r=new URL(s.getAttribute("src")),n=new URL(t.value),c.test(n.protocol))&&n.host===r.host&&l.activeElement===s&&(d.top.location.href=t.value))}},d.addEventListener("message",d.wp.receiveEmbedMessage,!1),l.addEventListener("DOMContentLoaded",function(){for(var e,t,s=l.querySelectorAll("iframe.wp-embedded-content"),r=0;r<s.length;r++)(t=(e=s[r]).getAttribute("data-secret"))||(t=Math.random().toString(36).substring(2,12),e.src+="#?secret="+t,e.setAttribute("data-secret",t)),e.contentWindow.postMessage({message:"ready",secret:t},"*")},!1)))}(window,document);
/* ]]> */
</script>

Freelance de arquitectura, facility management, diseño de interiores y diseño gráfico. Arquitecto por la Facultad de Arquitectura y Urbanismo de la Universidad Central de Venezuela (Caracas) Arquitecto por la Escuela Técnica Superior de Arquitectura de la Universidad de Sevilla. Máster en Gestión Integral del Medio Ambiente por la E.T.S.I. de la Universidad de Sevilla. Especialista [&hellip;]
