{"version":"1.0","provider_name":"FAQ arquitectura","provider_url":"https:\/\/www.faq-arquitectura.com","author_name":"FAQarquitectura","author_url":"https:\/\/www.faq-arquitectura.com\/index.php\/author\/faq2016\/","title":"FAQ arquitectura por Europa - FAQ arquitectura","type":"rich","width":600,"height":338,"html":"<blockquote class=\"wp-embedded-content\" data-secret=\"NwbZwQJwRC\"><a href=\"https:\/\/www.faq-arquitectura.com\/index.php\/2014\/02\/21\/faqarquitectura-por-europa\/\">FAQ arquitectura por Europa<\/a><\/blockquote><iframe sandbox=\"allow-scripts\" security=\"restricted\" src=\"https:\/\/www.faq-arquitectura.com\/index.php\/2014\/02\/21\/faqarquitectura-por-europa\/embed\/#?secret=NwbZwQJwRC\" width=\"600\" height=\"338\" title=\"\u00abFAQ arquitectura por Europa\u00bb \u2014 FAQ arquitectura\" data-secret=\"NwbZwQJwRC\" frameborder=\"0\" marginwidth=\"0\" marginheight=\"0\" scrolling=\"no\" class=\"wp-embedded-content\"><\/iframe><script type=\"text\/javascript\">\n\/* <![CDATA[ *\/\n\/*! This file is auto-generated *\/\n!function(d,l){\"use strict\";l.querySelector&&d.addEventListener&&\"undefined\"!=typeof URL&&(d.wp=d.wp||{},d.wp.receiveEmbedMessage||(d.wp.receiveEmbedMessage=function(e){var t=e.data;if((t||t.secret||t.message||t.value)&&!\/[^a-zA-Z0-9]\/.test(t.secret)){for(var s,r,n,a=l.querySelectorAll('iframe[data-secret=\"'+t.secret+'\"]'),o=l.querySelectorAll('blockquote[data-secret=\"'+t.secret+'\"]'),c=new RegExp(\"^https?:$\",\"i\"),i=0;i<o.length;i++)o[i].style.display=\"none\";for(i=0;i<a.length;i++)s=a[i],e.source===s.contentWindow&&(s.removeAttribute(\"style\"),\"height\"===t.message?(1e3<(r=parseInt(t.value,10))?r=1e3:~~r<200&&(r=200),s.height=r):\"link\"===t.message&&(r=new URL(s.getAttribute(\"src\")),n=new URL(t.value),c.test(n.protocol))&&n.host===r.host&&l.activeElement===s&&(d.top.location.href=t.value))}},d.addEventListener(\"message\",d.wp.receiveEmbedMessage,!1),l.addEventListener(\"DOMContentLoaded\",function(){for(var e,t,s=l.querySelectorAll(\"iframe.wp-embedded-content\"),r=0;r<s.length;r++)(t=(e=s[r]).getAttribute(\"data-secret\"))||(t=Math.random().toString(36).substring(2,12),e.src+=\"#?secret=\"+t,e.setAttribute(\"data-secret\",t)),e.contentWindow.postMessage({message:\"ready\",secret:t},\"*\")},!1)))}(window,document);\n\/* ]]> *\/\n<\/script>\n","thumbnail_url":"https:\/\/www.faq-arquitectura.com\/wp-content\/uploads\/2014\/02\/Martinez-Otero.jpg","thumbnail_width":127,"thumbnail_height":57,"description":"Nuestra compa\u00f1era Ariadna Zerpa est\u00e1 de ruta por Europa supervisando las obras de las pr\u00f3ximas tiendas ZARA para la empresa gallega MARTINEZ OTERO dentro de una nueva colaboraci\u00f3n. Este primer viaje le llevar\u00e1 por Par\u00eds (FR), W\u00fcrzburg (DE), Bremen (DE) y Venecia (IT). \u00a1Enhorabuena!"}

Nuestra compañera Ariadna Zerpa está de ruta por Europa supervisando las obras de las próximas tiendas ZARA para la empresa gallega MARTINEZ OTERO dentro de una nueva colaboración. Este primer viaje le llevará por París (FR), Würzburg (DE), Bremen (DE) y Venecia (IT). ¡Enhorabuena!
